+ 3. Let d be g(4). Suppose n - 115 - 20 = 0. What is the highest common factor of d and n?
15
Let q = 47 + 97. Calculate the greatest common factor of 16 and q.
16
Let r(m) = 5*m**3 + 4*m. Let b be 0 - (2 + -1 + -4). Let l be r(b). What is the highest common factor of l and 21?
21
Let i(g) = 110*g**2 + 5*g + 3. Let v be i(-1). What is the greatest common factor of 36 and v?
36
Suppose -1 = -5*g + w, -g = 2*g + w - 7. Let v be 1*(g - 3 - -24). Let y be 24/(-18)*(-6)/4. Calculate the greatest common divisor of v and y.
2
Let x(s) = -2 + 6 + 5*s - 5*s**2 + 2 - s**3 + 0*s. Let w be x(-6). What is the greatest common factor of 60 and w?
12
Suppose 5*b + 25 = 0, 0*a + 4*b - 40 = -2*a. What is the greatest common divisor of a and 6?
6
Let f = -9 - -4. Let q = f + 11. What is the greatest common factor of q and 3?
3
Let z(g) = g**3 + 12*g**2 + 9*g - 8. Let n be z(-11). Let m = n - 9. Let w = 134 + -89. Calculate the greatest common factor of m and w.
5
Suppose -u - 30 = -6*u. Suppose u*s = 1484 - 362. What is the highest common divisor of 17 and s?
17
Let h(r) be the second derivative of r**5/20 + 3*r**4/4 + 7*r**3/6 + 6*r**2 - 6*r. Let o be h(-8). What is the greatest common factor of o and 50?
10
Suppose -3*b + 8 + 16 = 0. Let a be 137/4 - 2/b. Suppose 2*u + 23 = 3*m, -4*m + 4*u - 3*u + a = 0. Calculate the greatest common factor of m and 36.
9
Suppose 3*s - 266 = -16*s. Calculate the highest common divisor of 154 and s.
14
Suppose 16 + 32 = r. Calculate the greatest common divisor of 32 and r.
16
Suppose 0 = 2*y - 10. Suppose -100 = -y*t + 50. Calculate the greatest common divisor of 6 and t.
6
Suppose 2*o - 127 = 3*u, 2*o + 68 = -u - u. Let d = 11 - u. Calculate the greatest common factor of 20 and d.
10
Suppose 5*s - 14 = 11, 0 = -4*k - s - 3. Let p = 12 - k. Calculate the highest common factor of 154 and p.
14
Let o = -112 + 127. Calculate the greatest common divisor of o and 25.
5
Let q be -2 + -2 - -30*1. What is the highest common divisor of q and 65?
13
Let a = 9 - -21. Suppose 8*p - 68 - 12 = 0. What is the highest common factor of a and p?
10
Let m(i) = -20*i + 12. Let b be m(-6). Suppose -p + 1 = -21. Calculate the greatest common divisor of p and b.
22
Let m = -1 + 6. Let a = m + 0. What is the highest common divisor of 5 and a?
5
Let s(g) = 27*g - 1. Let a be s(1). Suppose -c = i - 135 + 37, 2*i - 3*c - 206 = 0. Suppose -i - 30 = -5*l. Calculate the greatest common factor of a and l.
26
Suppose 0 = 5*r + 25, 2*i + 0*r = 2*r + 24. Calculate the greatest common factor of i and 49.
7
Let j(f) = f - 21. Let y be j(13). Let q be ((-10)/y)/(6/120). Calculate the highest common factor of 275 and q.
25
Suppose -3*a + 0*a + 645 = 0. Suppose a = 5*o + 40. What is the greatest common factor of o and 14?
7
Let l = -16 - -23. Let z be 3 + 1/((-1)/4). Let o = 6 - z. Calculate the highest common divisor of l and o.
7
Let r be (-510)/(-4) - 1/(-2). Suppose y - r = -5*j, -3*j - 2*y = -0*j - 74. Calculate the highest common divisor of j and 78.
26
Let q be 1/3 - 15/(-9). Calculate the greatest common factor of 2 and q.
2
Let d(w) = -w - 8. Let i be d(-7). Let z = 3 + i. What is the greatest common factor of z and 3?
1
Let x be (30/20)/((-6)/(-20)). What is the highest common divisor of x and 10?
5
Let j(s) = -27*s - 1. Let p be j(-1). Suppose p = 4*h + 2*m - 30, 3*h = -4*m + 42. Let o = 14 - -28. Calculate the highest common factor of h and o.
14
Let r = 6 + -2. Calculate the greatest common factor of r and 1.
1
Suppose -4*d - 4 = 0, -55 = -2*x + 2*d + 3*d. What is the highest common factor of 50 and x?
25
Let j be (3 + 11)*12/21. What is the highest common factor of 8 and j?
8
Let s(l) be the second derivative of l**4/6 - l**3/6 + 3*l. Let z be s(-2). Calculate the greatest common divisor of z and 25.
5
Suppose 2*p - 3*x - x - 96 = 0, 3*p + x - 144 = 0. Calculate the highest common divisor of p and 6.
6
Suppose -21 = -4*w + 3*y, -w - y + 10 = 3. What is the highest common divisor of w and 6?
6
Suppose -5*v = -10 - 95. What is the greatest common divisor of 3 and v?
3
Suppose -z + 78 = 2*z. Let x = -4 + z. Suppose 0 = -w + 33 + x. Calculate the greatest common divisor of w and 5.
5
Let f = 40 + -35. What is the highest common factor of 25 and f?
5
Suppose 5*p + 2*s + s - 1 = 0, -2*p - 5*s - 11 = 0. Let f(z) = 3*z**3 + z**2 + 3*z - 1. Let d be f(p). Calculate the greatest common factor of d and 22.
11
Suppose 0 = -2*p + 7*p - 3*f - 63, 5*p - 79 = -f. Let i be (3 + 0)*10/p. Suppose 0 = -i*s + 1 + 3. What is the highest common divisor of 2 and s?
2
Suppose -4*z + 40 = 2*l, -3*l + 7 = -4*z + 27. Let d(j) = 2 - 4 + 2 + 47*j + 1. Let v be d(1). What is the greatest common factor of v and z?
8
Let g be ((-3)/2 - 1)*-4. Suppose -5*j + 12 = -j. Suppose -j*y - 5*n - 10 = -120, -3*y + 2*n = -124. Calculate the highest common factor of y and g.
10
Let g = 0 - 1. Let m be g/2 - 58/(-4). Let o = 62 + 64. What is the greatest common factor of m and o?
14
Suppose 2*t - t - 8 = 0. Let g be 2/5 - (-21)/35. Let x be ((-2)/g)/(t/(-4)). What is the highest common divisor of x and 5?
1
Let d(n) = 8*n + 14. Let l be d(7). What is the greatest common divisor of l and 10?
10
Suppose -8 = -2*d - 3*j, j - 2*j - 8 = -2*d. Suppose -d*x + 18 - 10 = 0. Let f be (3/(-2))/((-2)/24). What is the greatest common divisor of f and x?
2
Let w(c) = 7*c**2 + c. Let l be w(1). Let u = -3 - -3. Suppose u*r + 64 = r. What is the greatest common divisor of r and l?
8
Let p = -23 - -56. Suppose -24 - 1 = -j. Let q = j + -14. What is the greatest common divisor of q and p?
11
Let b = -158 - -196. What is the highest common factor of b and 2?
2
Suppose 2*b = -h + 6*b + 24, -5*h + 88 = -4*b. Suppose h = u + w + 4, 2*u - 19 = 3*w. Calculate the greatest common divisor of 33 and u.
11
Suppose 0 = -3*i - 5*w + 52, -4*w - 18 + 54 = 2*i. Let b(r) = -15*r - 7. Suppose k - 21 = 4*k. Let c be b(k). Calculate the highest common divisor of c and i.
14
Let n be (-4)/6*(-54)/4. Let x be 123/n - (-1)/3. What is the greatest common divisor of 154 and x?
14
Let p = -12 - -22. What is the highest common factor of p and 25?
5
Suppose 3*j - 5*a - 56 = 0, -j = 4*j + 4*a - 118. Suppose 5*x = 6*x - 22. Calculate the highest common factor of j and x.
22
Let b(g) be the third derivative of 0*g - 3/8*g**4 - g**2 + 1/6*g**3 + 0. Let f be b(-1). Calculate the greatest common divisor of 30 and f.
10
Let g(p) = -5*p - 7. Let h be g(-2). Calculate the greatest common factor of h and 27.
3
Let d(l) = -l - 7. Let w be d(-8). Suppose -v + 4 = 3*y + w, 0 = -3*v. What is the highest common factor of y and 9?
1
Suppose -2*c - 16 + 66 = 0. What is the greatest common factor of c and 15?
5
Let w(f) = f**3 + 7*f**2. Let c be w(-7). Let a = 12 - c. Calculate the highest common divisor of a and 3.
3
Let k be 46/6 - (-6)/(-9). Let i(n) = k*n - 1 - 18*n - n**2 - 2. Let c be i(-10). Calculate the highest common divisor of c and 21.
7
Let y(u) = -u**3 - 8*u**2 - u + 6. Let z be (0 - 4/(-3))*-6. Let m be y(z). Calculate the greatest common factor of 7 and m.
7
Let a = -19 - -30. Suppose -4*d + 41 = 3*s, 3*s + 7 = -d + 3*d. Suppose 0 = -g + 2*x - 7*x + 31, 0 = 2*x - d. Calculate the highest common divisor of g and a.
11
Let g = -44 + 143. Calculate the highest common factor of g and 9.
9
Let o(h) be the first derivative of -h**4/4 + h**3/3 + h**2/2 + 64*h + 3. Let x be o(0). Calculate the highest common factor of 16 and x.
16
Let f = -6 + 6. Suppose 0 = -2*v + j + 17, 11 + f = v + 2*j. Calculate the greatest common divisor of v and 9.
9
Let d = -20 - -28. Let c(f) = f**2 - 6*f + 11. Let u be c(d). Suppose 3*l + 27 = 4*l - 5*m, 0 = -l - m + u. What is the highest common factor of l and 9?
9
Let n be (-9 + -1)*(-8)/4. Let r = n + 7. What is the greatest common factor of r and 3?
3
Let d be (-124)/(-12) + 2/3. Suppose 0 = -3*s - 12, -w - 2*w - s = -29. What is the highest common factor of d and w?
11
Suppose 3*b = -5*y + 530, 2*b - y = -4*y + 354. Calculate the highest common factor of b and 20.
20
Let k(b) = -2*b - 1. Let s be k(-3). Let j be -12*413/(-140) - 4/10. Calculate the greatest common divisor of j and s.
5
Suppose 8*z - 455 = 3*z. Suppose 3*j + j = -r + z, 5*j - 105 = -3*r. Let h = j - 14. Calculate the highest common divisor of 110